ded by 1231.
1028
What is the remainder when 499001 is divided by 35639?
55
What is the remainder when 29614 is divided by 6559?
3378
Calculate the remainder when 282674 is divided by 281957.
717
What is the remainder when 895472 is divided by 1410?
122
What is the remainder when 32051 is divided by 2227?
873
Calculate the remainder when 14457 is divided by 2085.
1947
Calculate the remainder when 263779 is divided by 2331.
376
Calculate the remainder when 851597 is divided by 20252.
1013
Calculate the remainder when 1658266 is divided by 19282.
14
Calculate the remainder when 755945 is divided by 2487.
2384
What is the remainder when 29751838 is divided by 1476?
106
Calculate the remainder when 1921829 is divided by 192171.
119
What is the remainder when 24893145 is divided by 754336?
57
What is the remainder when 21648 is divided by 3590?
108
What is the remainder when 3049125 is divided by 13257?
15
What is the remainder when 357745 is divided by 27494?
323
Calculate the remainder when 372566098 is divided by 6199.
6198
What is the remainder when 316501 is divided by 372?
301
What is the remainder when 208656 is divided by 5362?
4900
Calculate the remainder when 108717400 is divided by 27179349.
4
What is the remainder when 21157 is divided by 1216?
485
What is the remainder when 1244038 is divided by 248806?
8
What is the remainder when 10334349 is divided by 4780?
4769
Calculate the remainder when 298691 is divided by 149337.
17
What is the remainder when 5374243 is divided by 42993?
118
Calculate the remainder when 70417 is divided by 16772.
3329
Calculate the remainder when 3303133 is divided by 165.
163
Calculate the remainder when 5491681 is divided by 19.
16
Calculate the remainder when 426878 is divided by 213423.
32
What is the remainder when 1472217 is divided by 4?
1
Calculate the remainder when 642164 is divided by 408.
380
Calculate the remainder when 197550 is divided by 21706.
2196
What is the remainder when 5976488 is divided by 2015?
2013
Calculate the remainder when 1430824 is divided by 3097.
10
Calculate the remainder when 1195401 is divided by 79681.
186
Calculate the remainder when 97786766 is divided by 24.
14
Calculate the remainder when 53954 is divided by 1994.
116
What is the remainder when 1398108 is divided by 2352?
1020
What is the remainder when 166779 is divided by 27280?
3099
Calculate the remainder when 1729218 is divided by 143.
62
What is the remainder when 181649 is divided by 1688?
1033
What is the remainder when 1831826 is divided by 182?
178
Calculate the remainder when 156898 is divided by 52176.
370
What is the remainder when 12434 is divided by 12263?
171
What is the remainder when 15902294 is divided by 6207?
6167
Calculate the remainder when 34223498 is divided by 13.
10
Calculate the remainder when 763856 is divided by 84871.
17
Calculate the remainder when 370419 is divided by 7881.
12
What is the remainder when 82532 is divided by 7460?
472
Calculate the remainder when 126989 is divided by 62337.
2315
What is the remainder when 391909 is divided by 607?
394
Calculate the remainder when 70295 is divided by 70053.
242
What is the remainder when 12066909 is divided by 12066859?
50
What is the remainder when 1535064 is divided by 3396?
72
Calculate the remainder when 29673 is divided by 4908.
225
Calculate the remainder when 51050 is divided by 128.
106
Calculate the remainder when 291954 is divided by 3356.
3338
What is the remainder when 8281332 is divided by 3281?
88
Calculate the remainder when 20790460 is divided by 4504.
4500
What is the remainder when 827957 is divided by 1539?
1514
What is the remainder when 19930 is divided by 19858?
72
What is the remainder when 3311775 is divided by 694?
7
What is the remainder when 8980096 is divided by 3482?
18
Calculate the remainder when 50146 is divided by 2512.
2418
What is the remainder when 904532 is divided by 204?
200
Calculate the remainder when 84941 is divided by 667.
232
Calculate the remainder when 6365020 is divided by 1411.
1410
Calculate the remainder when 416287 is divided by 611.
196
What is the remainder when 15054391 is divided by 456193?
22
Calculate the remainder when 3267261 is divided by 30.
21
Calculate the remainder when 4671564 is divided by 2335777.
10
What is the remainder when 9806728 is divided by 1112?
0
What is the remainder when 80870 is divided by 20214?
14
Calculate the remainder when 1825399 is divided by 8.
7
What is the remainder when 56531 is divided by 18839?
14
Calculate the remainder when 1172482 is divided by 35528.
58
Calculate the remainder when 9849715 is divided by 579395.
0
Calculate the remainder when 840936146 is divided by 30.
26
Calculate the remainder when 904673 is divided by 1375.
1298
Calculate the remainder when 42954 is divided by 2991.
1080
What is the remainder when 333506 is divided by 322396?
11110
Calculate the remainder when 1228255 is divided by 8.
7
What is the remainder when 7419850 is divided by 42399?
25
Calculate the remainder when 755512 is divided by 3835.
17
Calculate the remainder when 716494 is divided by 4239.
103
What is the remainder when 339951 is divided by 128?
111
Calculate the remainder when 109612 is divided by 54049.
1514
What is the remainder when 14150059 is divided by 9?
7
What is the remainder when 918623588 is divided by 34?
28
Calculate the remainder when 319689 is divided by 2663.
129
What is the remainder when 22365166 is divided by 22365164?
2
Calculate the remainder when 2800690 is divided by 75.
40
Calculate the remainder when 116260 is divided by 116225.
35
What is the remainder when 351716 is divided by 23?
0
Calculate the remainder when 8313300 is divided by 2533.
2527
Calculate the remainder when 246371 is divided by 69.
41
Calculate the remainder when 850710 is divided by 77331.
69
Calculate the remainder when 3800320 is divided by 1814.
1804
Calculate the remainder when 5367860 is divided by 5367832.
28
What is the remainder when 3702116 is divided by 1851053?
10
Calculate the remainder when 417248 is divided by 20.
8
Calculate the remainder when 66959512 is divided by 1193.
1
Calculate the remainder when 366402 is divided by 127.
7
What is the remainder when 68505958 is divided by 66?
4
Calculate the remainder when 275459 is divided by 91819.
2
What is the remainder when 6116721 is divided by 812?
737
Calculate the remainder when 892231 is divided by 178312.
671
What is the remainder when 93336 is divided by 7776?
24
What is the remainder when 3747038 is divided by 1873074?
890
Calculate the remainder when 19012479 is divided by 1950.
1929
What is the remainder when 208368 is divided by 104096?
176
What is the remainder when 786929614 is divided by 396?
394
Calculate the remainder when 1621146 is divided by 948.
66
What is the remainder when 13268891 is divided by 419?
418
Calculate the remainder when 42529084 is divided by 291295.
14
Calculate the remainder when 289361 is divided by 41303.
240
Calculate the remainder when 967434 is divided by 56845.
1069
What is the remainder when 35318 is divided by 4033?
3054
Calculate the remainder when 150541 is divided by 150490.
51
What is the remainder when 448802 is divided by 26364?
614
What is the remainder when 19245591 is divided by 25?
16
Calculate the remainder when 1838401 is divided by 367678.
11
What is the remainder when 747504 is divided by 931?
842
What is the remainder when 12795 is divided by 3455?
2430
What is the remainder when 201263 is divided by 520?
23
Calculate the remainder when 14591210 is divided by 1028.
806
Calculate the remainder when 10945699 is divided by 1499.
1
Calculate the remainder when 41710 is divided by 6935.
100
Calculate the remainder when 167101 is divided by 2220.
601
What is the remainder when 62996517 is divided by 20998827?
36
What is the remainder when 39404 is divided by 39162?
242
Calculate the remainder when 40419 is divided by 20159.
101
What is the remainder when 9176841 is divided by 1529421?
315
What is the remainder when 1330407 is divided by 80?
7
What is the remainder when 115145 is divided by 2468?
1617
What is the remainder when 2800033 is divided by 17?
14
Calculate the remainder when 2309535 is divided by 45.
0
Calculate the remainder when 75040